l**2 + 726*l + 1234. What is c(-15)?
19
Let u(s) = -513*s**3 + 2*s**2 - 7*s - 8. Determine u(-1).
514
Let r(f) = f**3 + 8*f**2 + 11737*f + 277882. What is r(-23)?
-4
Let o(j) = -j**3 + 93*j**2 + 6938*j + 299. Determine o(-49).
1279
Let h(f) = -13*f**3 - 24*f**2 - 100*f - 76. What is h(-3)?
359
Let i(r) = 7677*r - 7433. Determine i(1).
244
Let k(u) = -u**3 - 21*u**2 - 1156*u - 27640. Calculate k(-23).
6
Let n(v) = -120*v**2 + 5521*v - 10598. Calculate n(44).
6
Let z(n) = n**3 - 22*n**2 - 11455*n + 207383. Determine z(18).
-103
Let h(n) = 5*n**3 + 21*n**2 + 3*n + 1. Calculate h(-2).
39
Let w(o) = -438*o**2 - 4067*o - 3623. Determine w(-1).
6
Let u(s) = 83*s**3 - 1825*s**2 + 46*s - 1450. Give u(22).
46
Let w(c) = 45*c**2 - 772*c + 72. Determine w(17).
-47
Let a(j) = j**3 - 11*j**2 - 302*j + 191. Calculate a(23).
-407
Let w(b) = -b**3 - 41*b**2 + 755*b + 33414. Give w(-37).
3
Let t(y) = -769*y + 131498. Determine t(171).
-1
Let w(f) = -19*f**2 - 1369*f - 8633. What is w(-7)?
19
Let i(k) = -k**3 - 306*k**2 - 12800*k + 129. Calculate i(-256).
129
Let c(m) = -3*m**2 - 63*m - 14. Give c(-5).
226
Let d(f) = f**2 - 253244*f - 506494. Calculate d(-2).
-2
Let f(u) = -2729*u + 61739. Determine f(22).
1701
Let j(f) = f**3 - 69*f**2 - 281*f + 447. Give j(73).
1250
Let j(w) = -w**3 + 77*w**2 - 253*w + 420. Calculate j(73).
3267
Let c(d) = 2016*d + 92769. Calculate c(-46).
33
Let r(n) = n**3 + 42*n**2 - 61*n - 849. What is r(-43)?
-75
Let k(i) = 23*i**2 - 762*i + 202. What is k(33)?
103
Let v(y) = y**2 - 49*y - 153. Determine v(80).
2327
Let f(m) = -m**3 - 269*m**2 - 604*m - 235995. Determine f(-270).
-15
Let f(z) = -264*z + 20128. Give f(76).
64
Let b(f) = -292*f**2 - 228*f + 1. Determine b(-1).
-63
Let f(g) = -3*g**3 + 472*g**2 - 151*g - 978. Calculate f(157).
-36
Let z(f) = 3547141*f + 7094285. Determine z(-2).
3
Let d(l) = 22*l**2 - 282*l - 731. Determine d(-3).
313
Let b(q) = -79*q + 2285. Calculate b(36).
-559
Let y(c) = -241*c - 14392. Determine y(-59).
-173
Let b(d) = 1856*d + 7501. Calculate b(-4).
77
Let a(h) = -28*h**2 + 5853*h - 143. What is a(209)?
66
Let x(p) = -4*p**2 - 188*p + 948. Calculate x(-53).
-324
Let o(m) = -18*m**2 - 13312*m - 778230. What is o(-64)?
10
Let l(n) = 96490*n - 482455. What is l(5)?
-5
Let u(n) = 2206*n - 55156. What is u(25)?
-6
Let y(p) = p**3 + 37*p**2 + 62*p - 933. Determine y(-23).
5047
Let z(u) = 6*u**2 + 4676*u + 32613. Give z(-7).
175
Let b(a) = -12*a**2 - 4961*a - 192762. Determine b(-370).
8
Let m(w) = -601*w - 12594. Determine m(-21).
27
Let r(m) = 2*m**3 + 937*m**2 + 4633*m + 212074. Determine r(-464).
26
Let k(j) = 2*j**3 + 21*j**2 + 181*j + 2212. Determine k(-11).
100
Let q(p) = -5*p**2 + 1198*p - 3085. Calculate q(237).
-4
Let z(k) = 3371*k - 150. Determine z(0).
-150
Let r(j) = -2284*j + 3251. Determine r(2).
-1317
Let w(l) = -l**3 + 1661*l**2 + 297309*l - 506. Calculate w(-163).
-17
Let z(p) = -62*p**2 - 12272*p - 36278. Calculate z(-3).
-20
Let v(h) = -h**3 + 181*h**2 - 8079*h + 709. Calculate v(78).
-2801
Let n(z) = 6*z**2 - 128*z - 1519375. What is n(514)?
9
Let g(l) = 13*l**2 + 14216*l + 196468. Calculate g(-14).
-8
Let o(y) = y**2 + 44*y + 401. Determine o(-13).
-2
Let c(s) = -1730*s + 12106. Calculate c(7).
-4
Let z(h) = 2482191*h - 14893133. Give z(6).
13
Let l(a) = -377*a - 119141. Determine l(-316).
-9
Let r(g) = -14460*g + 346885. Calculate r(24).
-155
Let v(i) = -542*i - 30794. Calculate v(-59).
1184
Let i(q) = 6*q**2 + 192*q - 3308. Calculate i(14).
556
Let j(y) = -55*y**3 + 3*y**2 + 2*y - 4. Determine j(1).
-54
Let y(c) = -c**3 - 104*c**2 + 771*c - 637. Give y(-111).
29
Let b(o) = 1523*o - 14698. Give b(10).
532
Let x(l) = 52873*l + 45999507. What is x(-870)?
-3
Let p(c) = c**3 + 6*c**2 - 11938*c - 244096. What is p(-21)?
-13
Let w(a) = -24506*a - 857683. Determine w(-35).
27
Let z(x) = -8*x**2 + 468*x - 2925. Calculate z(7).
-41
Let c(t) = -t**3 + 233*t**2 - 1610*t + 3561. Calculate c(226).
-2767
Let t(u) = -531*u + 109416. Calculate t(206).
30
Let x(q) = -12900*q + 60748. Determine x(5).
-3752
Let c(a) = -206*a**2 - 22243*a + 543. Determine c(-108).
3
Let f(u) = 3*u**3 - 11*u**2 - 77*u - 244. Give f(-3).
-193
Let m(s) = 4*s**3 + 18*s**2 - 244*s + 1451. What is m(6)?
1499
Let i(b) = -2*b**3 - 402*b**2 + 809*b - 752. Determine i(-203).
-143
Let o(l) = -39*l**3 - 1834*l**2 - 39*l + 404. Determine o(-47).
28
Let u(n) = 2095*n + 10013. Calculate u(-5).
-462
Let w(c) = -22*c**2 + 161*c + 2219. Determine w(-8).
-477
Let h(m) = 22180*m - 443552. Give h(20).
48
Let y(i) = -i**3 - 16*i**2 - 1338*i - 14203. Determine y(-11).
-90
Let y(f) = 4434*f - 487801. What is y(110)?
-61
Let p(i) = -28*i**2 + 4056*i + 928. Calculate p(145).
348
Let z(t) = -35*t + 771. Calculate z(15).
246
Let i(z) = 3369*z - 168490. Determine i(50).
-40
Let p(g) = -72*g**2 + 639*g - 50. Give p(10).
-860
Let f(c) = -35858*c - 537823. What is f(-15)?
47
Let u(b) = b**3 - 234*b**2 + 595*b - 30649. Calculate u(232).
-257
Let i(j) = 5*j**3 - 49*j**2 - 221*j + 161. Determine i(13).
-8
Let f(u) = 3695*u + 114543. What is f(-31)?
-2
Let v(b) = -3*b**3 + 59*b**2 - 1314*b + 22039. Give v(18).
7
Let h(t) = -56*t**2 - 19316*t + 57956. Give h(3).
-496
Let h(v) = 2*v**3 + 94*v**2 + 433*v + 499. Calculate h(-3).
-8
Let j(r) = r**2 - 51*r - 16243. What is j(156)?
137
Let u(n) = -3*n**3 - 79*n**2 + 2504*n + 65840. Calculate u(-26).
60
Let s(w) = -9242*w + 91882. Determine s(10).
-538
Let g(q) = 2*q**3 + 283*q**2 + 398*q - 796. Calculate g(-140).
2284
Let k(i) = 2529*i - 257715. Give k(102).
243
Let m(h) = -22*h + 978. What is m(66)?
-474
Let u(h) = 1672*h**2 + 7791*h - 5. Determine u(-4).
-4417
Let k(c) = 1296659*c + 15559909. Determine k(-12).
1
Let a(d) = -13*d**3 + 4874*d**2 + 371*d + 1493. Calculate a(375).
-7
Let c(k) = 24568*k - 196201. What is c(8)?
343
Let s(l) = 1452*l + 22715. Determine s(-16).
-517
Let s(h) = 4*h**3 - 370*h**2 + 112*h + 4430. Give s(92).
-2194
Let o(q) = q**3 + 15*q**2 - 143*q - 911. What is o(-5)?
54
Let r(l) = 444501*l - 1777993. What is r(4)?
11
Let h(s) = -1273*s**3 - 115844*s**2 - 93*s - 170. Give h(-91).
12
Let a(w) = 6352*w**2 - 161*w + 7. Give a(1).
6198
Let w(m) = -5044*m - 1296236. Determine w(-257).
72
Let h(w) = -87*w**3 - 45*w**2 - 61*w - 15. Determine h(-1).
88
Let l(i) = 86*i + 20497. Give l(-239).
-57
Let i(u) = 3*u**3 - 99*u**2 - 10879*u + 1272. Give i(-46).
214
Let t(b) = 22872*b - 205851. Give t(9).
-3
Let w(i) = -51*i**2 + 331479*i + 331478. Calculate w(-1).
-52
Let v(j) = 4170*j + 79899. What is v(-19)?
669
Let c(x) = 2*x**3 - 91*x**2 - 66*x + 916. Give c(46).
-4
Let k(z) = z**3 - 173*z**2 + 4063*z - 349. What is k(145)?
86
Let b(m) = 9*m**2 + 359*m - 3975. What is b(9)?
-15
Let q(w) = -345*w - 3204. Determine q(-8).
-444
Let o(u) = -202*u**2 - 6255*u + 191. Calculate o(-31).
-26
Let r(c) = 75705*c - 1968289. Determine r(26).
41
Let j(o) = o**3 + 195*o**2 + 5233*o + 2800. Determine j(-163).
29
Let r(i) = -i**2 + 3113*i - 101626. What is r(33)?
14
Let x(q) = -2*q**3 - 394*q**2 + 418*q + 4317. What is x(-198)?
-39
Let b(z) = 4*z**2 - 44962*z + 179815. What is b(4)?
31
Let y(q) = -506*q - 12425. Determine y(-24).
-281
Let a(y) = -2211*y + 6971. What is a(3)?
338
Let b(z) = 1441*z - 265375. Determine b(184).
-231
Let i(g) = -286*g + 696. What is i(0)?
696
Let c(x) = 15*x**3 + 113*x**2 + 33*x - 57. Give c(-7).
104
Let w(x) = 2*x**2 - 52*x - 2605. What is w(52)?
99
Let a(o) = -3614*o + 17540. What is a(4)?
3084
Let r(t) = 8*t**2 - 412*t - 106. Give r(0).
-106
Let l(g) = -120*g - 3761. Determine l(-43).
1399
Let r(f) = -65544*f - 1114214. Give r(-17).
34
Let i(r) = 8*r**2 + 154*r - 5. What is i(-20)?
115
Let t(g) = 7587*g - 22729. Give t(3).
32
Let o(w) = -5*w**3 - 500*w**2 - 1456*w - 50. Give o(-97).
47
Let k(o) = 160*o**2 - 17484*o - 17475. Determine k(-1).
169
Let h(w) = -1694*w - 8527. Calculate h(-5).
-57
Let d(h) = 28*h**2 + 608*h + 105. What is d(-23)?
933
Let c(w) = -832*w**2 + 506*w - 11. Give c(1).
-337
Let p(t) = -t**2 + 19707*t - 472385. What is p(24)?
7
Let n(h) = h**3 - 53*h**2 + 497*h + 41. Give n(16).
-1479
Let u(i) = -3096*i + 21689. Determine u(7).
17
Let c(r) = 2425*r - 99172. What is c(41)?
253
Let g(p) = -119*p**2 + 1296*p - 76. Calculate g(11).
-219
Let i(k) = -k**2 + 2819*k - 11